der when y(1) is divided by l(5)?
3
Let q(b) = b**2 + 15*b + 16. Let f(u) = -21*u - 2. Let x be f(-2). Suppose 194 = 2*k + x. Calculate the remainder when k is divided by q(-15).
13
Suppose 5*k + 64 = -2*j, k - j + 3 = -7. What is the remainder when (-24)/k*6*(-78)/(-8) is divided by 11?
7
Let y = -44 - -97. Suppose -5*d - 167 = 1163. Let p = d - -280. What is the remainder when y is divided by p?
11
Let l be 0/5 + 3 + 51. What is the remainder when 0/(-1) - (8 - l) is divided by 24?
22
Let j = 63 + -19. Suppose -18*c = -20*c + j. Let x(o) = o**3 - 9*o**2 + 7*o. Calculate the remainder when x(9) is divided by c.
19
Suppose -4*g + 510 = x, 0 = -3*g - 5*x + 4*x + 383. Calculate the remainder when 373 is divided by g.
119
Suppose 0 = -4*l + o + 52, 4*o - 5*o - 39 = -3*l. Calculate the remainder when 111 is divided by l.
7
Let o = -112 + 114. What is the remainder when ((-255)/(-4) - o) + 7/28 is divided by 21?
20
Suppose 3*f - 229 - 1 = -2*j, 65 = f + 3*j. Suppose 0 = -d - 3*d - 3*y + f, 0 = 5*y - 20. What is the remainder when d is divided by 10?
7
Suppose -4*p + 88 = 4*x + 4, 5*p = -3*x + 113. What is the remainder when 86 is divided by p?
11
Suppose -4*x - f = -476, 5*f - 327 + 71 = -2*x. Let r = 211 - 187. Calculate the remainder when x is divided by r.
22
Suppose -4*s = -b - 171, -33 = s + 4*b - 80. What is the remainder when 70 is divided by s?
27
Let o(v) = 3*v - 12. Let w be o(8). Let q = w - -13. Calculate the remainder when 97 is divided by q.
22
Calculate the remainder when 17392/54 + 0 + (-772)/10422 is divided by 87.
61
Suppose 3*i = -2*z + 53, 0 = 3*i - 5*z + 10*z - 38. Calculate the remainder when i is divided by 20.
1
Suppose 2*c + 10 = 12. What is the remainder when 4/22 - (c + 746/(-11)) is divided by 14?
11
Let x(t) = 9*t - 2. Let s be x(-7). Let k be 10/s - 2/(-13). Suppose k = -2*w + w + 10. Calculate the remainder when 37 is divided by w.
7
Suppose 1169 + 77 = 14*v. What is the remainder when v is divided by 10?
9
Let d(v) = v**2 - 4*v - 3. Let i = -8 + 41. Calculate the remainder when i is divided by d(6).
6
Let d(x) = -4*x**2 + 4. Let j be d(4). Suppose 13 = 22*y - 19*y - z, 4*z = -3*y + 38. Calculate the remainder when ((-1)/(-2))/((-2)/j) is divided by y.
3
Let v(s) = 11*s**2 + 3*s + 2. Let r be v(-1). Calculate the remainder when 22/((8/(-12))/(-2)) is divided by 1 - ((-66)/15)/(2/r).
20
Calculate the remainder when 146 is divided by ((-163 - -9) + -8)*2/(-6).
38
Let w be (-6 - -5)*-1 - (3 - 79). Let y = 104 - w. Calculate the remainder when y is divided by 4.
3
Let k(m) = -33*m - 284. Calculate the remainder when 466 is divided by k(-9).
11
Let k = 13 - 16. Let i(b) = 4*b**2 - 5*b - 5. What is the remainder when i(k) is divided by 16?
14
Suppose 5*f + 1 = 5*q - 4, 4*f - 2*q = -2. Suppose 5*t = -5*j + 95, -4*j + 4*t = -f*t - 68. Let d = j - 1. What is the remainder when d is divided by 6?
5
Let m be (-10)/25 + 1528/20. Suppose 118 = f - m. What is the remainder when f is divided by 49?
47
Let w = -47 + 68. Calculate the remainder when 79 is divided by w.
16
Let v = -1786 + 1853. What is the remainder when 137 is divided by v?
3
Let x be 392/(-6) - (7/(-3) + 3). Let z = 79 + x. What is the remainder when 25 is divided by z?
12
Let y(z) = -z**2 + 8*z - 7. Let k be ((-4)/(-14))/((1/(-7))/(-1)). Calculate the remainder when (k/6)/(-1*(-5)/195) is divided by y(5).
5
Let j(m) = -4*m**2 - 5*m - 11. Let c be j(-3). Calculate the remainder when 64 is divided by ((-68)/3)/(c/48).
30
Let h be (-6)/10 + (-12140)/(-25). Suppose -2*j - h = -3*z - 4*j, -z + 163 = j. Suppose 0 = p + 2*p - z. Calculate the remainder when p is divided by 14.
11
Let v = 2514 - 2401. Calculate the remainder when v is divided by 42.
29
Let j(w) = 10*w + 7*w**2 + 11*w + 9*w**3 - 12*w - 8*w**3 + 6. Calculate the remainder when 38 is divided by j(-5).
5
What is the remainder when 97 is divided by (-290)/(-6) - (42/18 + -3)?
48
Let r(k) = -13*k**3 + 19 - 4 - 7*k + 12*k**3 - 10*k**2 - 8*k. What is the remainder when 33 is divided by r(-8)?
5
Let r(i) = -i**3 + 39*i**2 + 46*i - 161. Calculate the remainder when r(40) is divided by 23.
10
Let z(r) = -180 + 73*r - 17*r + 185. What is the remainder when z(1) is divided by 16?
13
Suppose 54 = -44*g + 47*g. Calculate the remainder when g is divided by (54/21)/((-15)/(-70)).
6
Let x = -6 - -12. Let y(u) = -u + 23. Calculate the remainder when 84 is divided by y(x).
16
Let r = -8 + 6. What is the remainder when (19/3)/(4/12) is divided by (3 + -14)/(2/r)?
8
Let f(m) = -m**3 - 10*m**2 + 21*m + 17. Let p(w) = w + 6. Let r be p(-5). Calculate the remainder when f(-12) is divided by (r/(-3))/(3/(-63)).
4
Let c(a) be the first derivative of a**2/2 + 11*a + 8. Calculate the remainder when 16 is divided by c(-2).
7
Suppose -4*h = -11*h + 301. Let b = h + -33. What is the remainder when b is divided by 6?
4
Let c(p) = 3*p**2 - 4*p - 1. Suppose -48 + 338 = 29*x. What is the remainder when c(3) is divided by x?
4
Let b be ((-15)/(-9)*-3)/(1/11). Let y = b - -72. Calculate the remainder when 66 is divided by y.
15
Let i = 381 - 348. Suppose -3*x + 18 = -3*s, x + x - 9 = s. Let p = 21 + s. Calculate the remainder when i is divided by p.
15
Suppose 3*w - 10*a + 7*a = 423, -5*a = -4*w + 567. What is the remainder when 342 is divided by w?
66
Let a = -404 + 647. Let s = a + -170. What is the remainder when s is divided by 19?
16
Let u = -558 - -646. Calculate the remainder when u is divided by 24.
16
Suppose 14*h - 190 = 440. What is the remainder when h is divided by 22?
1
Let v be 322/6 + 3/9. Let u = v + -32. Let q = 15 - 7. Calculate the remainder when u is divided by q.
6
Let k be (-3 + -1)/(17 + -18). Let h be k/(-14) + 13044/84. Suppose -4*m + 249 = -h. Calculate the remainder when m is divided by 26.
23
Suppose 4*h - 15 - 81 = 0. Let g = h - 14. Let r = -74 - -112. What is the remainder when r is divided by g?
8
Suppose 5*k = 2*o + 5, 2*k - 26 = o - 5*o. Calculate the remainder when 26 is divided by k.
2
Suppose -5*d + 2*b = -15, -4*b + 2*b + 15 = d. Suppose -d*y = -331 - 34. What is the remainder when y is divided by 19?
16
Let g = -24 - -16. Let z(h) be the second derivative of -h**5/20 - 3*h**4/4 - 4*h**3/3 + 7*h**2/2 - 24*h. What is the remainder when 18 is divided by z(g)?
4
Suppose v - 5 = 6*j - j, 2*j = 5*v - 48. What is the remainder when (-1881)/(-55) - ((-1)/(-15))/(5/15) is divided by v?
4
Suppose 739 = 6*b - 2705. What is the remainder when b is divided by 72?
70
Suppose 10*x - 648 = 2*x. Calculate the remainder when x is divided by 7.
4
What is the remainder when 488 is divided by (-23)/(-69)*(-1 + 148)?
47
Suppose -d = -2*a + 2 - 5, 4*a - 5 = d. Suppose -p = -4*x + 164, 2*p = -x + 4*x - 123. Calculate the remainder when x is divided by d.
8
Let o(w) = -w**2 - 8*w - 6. Let q be o(-5). Let h be ((-33)/q)/((-3)/72). Calculate the remainder when 5 is divided by (-1)/(-4) + h/32.
2
What is the remainder when (2 + 0)/(-5*(-2)/680) is divided by 135?
1
Let m(f) = 2*f**2. Let w(v) = -v - 3. Suppose -3*d = -0 + 6. Let y be w(d). What is the remainder when 4 is divided by m(y)?
0
Let i(o) = o**2 - 9*o + 9. Let k be (-3 + 6 + 3)*7. Let m = k - 32. Calculate the remainder when i(m) is divided by 7.
5
Suppose 3*b - 6*b = -108. Calculate the remainder when b is divided by 12.
0
Let f be 6 - 0 - 0/(-3). What is the remainder when 29 is divided by f + 3 + -1 + -2?
5
Let a = -1629 - -1930. Calculate the remainder when a is divided by 8.
5
Let c(d) = -d**2 + 5*d + 9. Let a be c(5). What is the remainder when 33 is divided by a - (1 - (2 + -1))?
6
Let d(i) = -2 + 3 + 4 + i - 1. Let y(f) = -f**3 - 4*f**2 - f + 5. Calculate the remainder when y(-5) is divided by d(5).
8
Suppose 9*r - 384 = 21. Calculate the remainder when r is divided by (6/7)/((-3)/(-42)).
9
Suppose 13*z - 3*z = 240. Suppose -5*p + z = -y, -2*p + 2*y + 7 = -1. What is the remainder when 23 is divided by p?
3
Let l(b) = -b**2 - 18*b + 3. Calculate the remainder when 672 is divided by l(-12).
72
Let u = -22 + 36. Let m(g) = -g**3 + g + 1. Let d be m(-1). Calculate the remainder when -26*(1 - d - 1) is divided by u.
12
Suppose -26*k = -28*k + 90. Let u = k + -28. Calculate the remainder when u is divided by 4.
1
What is the remainder when (-8)/(64/10)*-240 is divi